{"version":"1.0","provider_name":"ITCS Career Fair =&gt; Tech Conference - IT Job Fair","provider_url":"https:\/\/it-cs.io\/en","author_name":"Podcast","author_url":"https:\/\/it-cs.io\/en\/author\/65327e82a38ddcc2\/","title":"158 - ITCS Karrieremesse =&gt; Tech Konferenz - IT-Jobmesse","type":"rich","width":600,"height":338,"html":"<blockquote class=\"wp-embedded-content\" data-secret=\"5NEVSlFNxb\"><a href=\"https:\/\/it-cs.io\/en\/podcast\/158\/\">158<\/a><\/blockquote><iframe sandbox=\"allow-scripts\" security=\"restricted\" src=\"https:\/\/it-cs.io\/en\/podcast\/158\/embed\/#?secret=5NEVSlFNxb\" width=\"600\" height=\"338\" title=\"&#8220;158&#8221; &#8212; ITCS Karrieremesse =&gt; Tech Konferenz - IT-Jobmesse\" data-secret=\"5NEVSlFNxb\" frameborder=\"0\" marginwidth=\"0\" marginheight=\"0\" scrolling=\"no\" class=\"wp-embedded-content\"><\/iframe><script type=\"text\/javascript\">\n\/* <![CDATA[ *\/\n\/*! This file is auto-generated *\/\n!function(d,l){\"use strict\";l.querySelector&&d.addEventListener&&\"undefined\"!=typeof URL&&(d.wp=d.wp||{},d.wp.receiveEmbedMessage||(d.wp.receiveEmbedMessage=function(e){var t=e.data;if((t||t.secret||t.message||t.value)&&!\/[^a-zA-Z0-9]\/.test(t.secret)){for(var s,r,n,a=l.querySelectorAll('iframe[data-secret=\"'+t.secret+'\"]'),o=l.querySelectorAll('blockquote[data-secret=\"'+t.secret+'\"]'),c=new RegExp(\"^https?:$\",\"i\"),i=0;i<o.length;i++)o[i].style.display=\"none\";for(i=0;i<a.length;i++)s=a[i],e.source===s.contentWindow&&(s.removeAttribute(\"style\"),\"height\"===t.message?(1e3<(r=parseInt(t.value,10))?r=1e3:~~r<200&&(r=200),s.height=r):\"link\"===t.message&&(r=new URL(s.getAttribute(\"src\")),n=new URL(t.value),c.test(n.protocol))&&n.host===r.host&&l.activeElement===s&&(d.top.location.href=t.value))}},d.addEventListener(\"message\",d.wp.receiveEmbedMessage,!1),l.addEventListener(\"DOMContentLoaded\",function(){for(var e,t,s=l.querySelectorAll(\"iframe.wp-embedded-content\"),r=0;r<s.length;r++)(t=(e=s[r]).getAttribute(\"data-secret\"))||(t=Math.random().toString(36).substring(2,12),e.src+=\"#?secret=\"+t,e.setAttribute(\"data-secret\",t)),e.contentWindow.postMessage({message:\"ready\",secret:t},\"*\")},!1)))}(window,document);\n\/* ]]> *\/\n<\/script>","description":"Bist du bereit f\u00fcr mehr Diversit\u00e4t am Arbeitsplatz? Willst du wissen, wie benachteiligte Frauen ihre Karrieretr\u00e4ume verwirklichen k\u00f6nnen? In dieser Episode tauchen wir in die aufregende Welt der SWANS Initiative \ud83e\udda2 ein \u2013 einer tollen Initiative f\u00fcr mehr Diversit\u00e4t und F\u00f6rderung benachteiligter Frauen in der Arbeitswelt. Wir haben die Ehre, Martha Dudzinski zu interviewen, die [&hellip;]"}

Bist du bereit für mehr Diversität am Arbeitsplatz? Willst du wissen, wie benachteiligte Frauen ihre Karriereträume verwirklichen können? In dieser Episode tauchen wir in die aufregende Welt der SWANS Initiative 🦢 ein – einer tollen Initiative für mehr Diversität und Förderung benachteiligter Frauen in der Arbeitswelt. Wir haben die Ehre, Martha Dudzinski zu interviewen, die [&hellip;]
