{"version":"1.0","provider_name":"ITCS Career Fair =&gt; Tech Conference - IT Job Fair","provider_url":"https:\/\/it-cs.io\/en","author_name":"volkswagengs","author_url":"https:\/\/it-cs.io\/en\/author\/1addca8f5e732e0f\/","title":"Volkswagen Group Services - ITCS Karrieremesse =&gt; Tech Konferenz - IT-Jobmesse","type":"rich","width":600,"height":338,"html":"<blockquote class=\"wp-embedded-content\" data-secret=\"HvRNjJekPD\"><a href=\"https:\/\/it-cs.io\/en\/unternehmen\/volkswagen-group-services\/\">Volkswagen Group Services<\/a><\/blockquote><iframe sandbox=\"allow-scripts\" security=\"restricted\" src=\"https:\/\/it-cs.io\/en\/unternehmen\/volkswagen-group-services\/embed\/#?secret=HvRNjJekPD\" width=\"600\" height=\"338\" title=\"&quot;Volkswagen Group Services&quot; - ITCS Career Fair =&gt; Tech Conference - IT Job Fair\" data-secret=\"HvRNjJekPD\" frameborder=\"0\" marginwidth=\"0\" marginheight=\"0\" scrolling=\"no\" class=\"wp-embedded-content\"><\/iframe><script type=\"text\/javascript\">\n\/* <![CDATA[ *\/\n\/*! This file is auto-generated *\/\n!function(d,l){\"use strict\";l.querySelector&&d.addEventListener&&\"undefined\"!=typeof URL&&(d.wp=d.wp||{},d.wp.receiveEmbedMessage||(d.wp.receiveEmbedMessage=function(e){var t=e.data;if((t||t.secret||t.message||t.value)&&!\/[^a-zA-Z0-9]\/.test(t.secret)){for(var s,r,n,a=l.querySelectorAll('iframe[data-secret=\"'+t.secret+'\"]'),o=l.querySelectorAll('blockquote[data-secret=\"'+t.secret+'\"]'),c=new RegExp(\"^https?:$\",\"i\"),i=0;i<o.length;i++)o[i].style.display=\"none\";for(i=0;i<a.length;i++)s=a[i],e.source===s.contentWindow&&(s.removeAttribute(\"style\"),\"height\"===t.message?(1e3<(r=parseInt(t.value,10))?r=1e3:~~r<200&&(r=200),s.height=r):\"link\"===t.message&&(r=new URL(s.getAttribute(\"src\")),n=new URL(t.value),c.test(n.protocol))&&n.host===r.host&&l.activeElement===s&&(d.top.location.href=t.value))}},d.addEventListener(\"message\",d.wp.receiveEmbedMessage,!1),l.addEventListener(\"DOMContentLoaded\",function(){for(var e,t,s=l.querySelectorAll(\"iframe.wp-embedded-content\"),r=0;r<s.length;r++)(t=(e=s[r]).getAttribute(\"data-secret\"))||(t=Math.random().toString(36).substring(2,12),e.src+=\"#?secret=\"+t,e.setAttribute(\"data-secret\",t)),e.contentWindow.postMessage({message:\"ready\",secret:t},\"*\")},!1)))}(window,document);\n\/* ]]> *\/\n<\/script>","thumbnail_url":"https:\/\/it-cs.io\/wp-content\/uploads\/2024\/02\/1631338560515.jpg","thumbnail_width":200,"thumbnail_height":200,"description":"Wir sind die treibende Kraft in verschiedensten Dienstleistungsbereichen innerhalb des Volkswagen Konzerns. Wir sind Experten auf unseren Gebieten und packen an, wo es erforderlich ist. Wir treiben Dinge voran und bringen sie erfolgreich zu Ende. Wir sind Macher! Und wir suchen Mitmacher: K\u00f6nner, \u00dcberzeugungst\u00e4ter und erfahrene Fachkr\u00e4fte mit Integrit\u00e4t, schneller Auffassungsgabe, digitaler und sozialer Kompetenz, [&hellip;]"}

Wir sind die treibende Kraft in verschiedensten Dienstleistungsbereichen innerhalb des Volkswagen Konzerns. Wir sind Experten auf unseren Gebieten und packen an, wo es erforderlich ist. Wir treiben Dinge voran und bringen sie erfolgreich zu Ende. Wir sind Macher! Und wir suchen Mitmacher: Könner, Überzeugungstäter und erfahrene Fachkräfte mit Integrität, schneller Auffassungsgabe, digitaler und sozialer Kompetenz, [&hellip;]
